d and b.
20
Let b(s) = s**3 - 6*s**2 - 4*s - 10. Let o be b(7). Suppose j + 1 = o. Calculate the greatest common divisor of 25 and j.
5
Suppose -3*v - 5 = 4*s, v + 15 = 6*v + 2*s. Calculate the greatest common factor of v and 15.
5
Let i be (-18)/(-4)*154/21. What is the highest common divisor of i and 33?
33
Let u = 23 + -33. Let j be u/(-25) - (-43)/5. What is the highest common divisor of 9 and j?
9
Suppose -4 = 4*f + 4, -5*f = 5*b - 225. Calculate the highest common divisor of b and 329.
47
Let l(i) = 0*i - i**3 + 6*i - 2*i**2 + 3*i**2 + 8*i**2 - 12. Let p be l(8). What is the greatest common divisor of p and 20?
20
Let c(j) = -j**3 - 5*j**2 - 9*j - 8. Let q be c(-7). Suppose 0 = -w - 2*v + 15, 14 = 3*w - 2*w + 3*v. What is the highest common factor of q and w?
17
Let x be -13*(-1 + 1*-1). Let d(h) = 17*h - 4. Let b(l) = -11*l + 3. Let k(c) = -7*b(c) - 5*d(c). Let j be k(-5). What is the highest common divisor of x and j?
13
Suppose 0 = -5*q + 594 + 511. Let z = -129 + q. Calculate the greatest common factor of 23 and z.
23
Let g = 14 - 8. Let p = -37 - -36. Let m = 7 + p. Calculate the greatest common divisor of m and g.
6
Suppose -a + 95 = -334. What is the greatest common factor of 39 and a?
39
Suppose -t = -4*d + t + 354, d - 78 = 4*t. Calculate the highest common divisor of d and 10.
10
Let l be -1 - 0 - (0 - -5). Let i = 8 + l. Let j = 4 - i. Calculate the highest common factor of 18 and j.
2
Let w = 270 - 225. Let a(c) = 6*c. Let q be a(3). Calculate the highest common divisor of w and q.
9
Let l = -96 - -136. Suppose -5*v - 50 = -n, 2*n - 5*v + l = 3*n. Calculate the greatest common divisor of n and 9.
9
Suppose 4*f + 8*a - 3*a - 40 = 0, -4*f = 3*a - 48. Suppose 4*q - 5 = 7. What is the greatest common factor of f and q?
3
Let n(m) be the second derivative of -m**2 + m + 0 - 1/6*m**3. Let q be n(-8). Calculate the greatest common divisor of q and 48.
6
Let q be ((-1225)/(-28))/(2/8). Suppose 6 = 4*p - 158. Suppose -4*z + p = -q. What is the highest common divisor of 36 and z?
18
Let d(k) = -11*k**3 + 2*k**2 + k. Let q be d(-1). Let t = 44 + -16. Let j be (120/14)/(4/t). What is the highest common divisor of q and j?
12
Let p be -8 - (-1 + 3)/2. Let c = -3 - p. Let w(v) = 32*v**2 - 3*v + 1. Let h be w(1). What is the highest common divisor of c and h?
6
Let u(s) = 10*s + 3. Let t be u(6). Let q be (6/1)/((-10)/(-15)). Calculate the greatest common divisor of q and t.
9
Suppose 32 = -w - 13. Let t = 63 + w. What is the greatest common divisor of t and 9?
9
Let z(l) = 9*l - 9. Let p be z(5). What is the greatest common divisor of p and 45?
9
Let y(g) = 47*g - 14. Let z be y(7). Suppose -q + 4*q = z. What is the highest common factor of 15 and q?
15
Let a be (4 - 1)*(-15)/(-9). Suppose -5*m - a*r + 20 = 0, -m - r = m - 12. Calculate the highest common divisor of m and 56.
8
Suppose -8*a + 5*a = -252. Let v = a - -26. What is the highest common factor of 22 and v?
22
Let m = -118 + 193. What is the highest common divisor of 15 and m?
15
Suppose -k + s = -3*k - 706, 2*k = 5*s - 718. Let g be k/(-11) - 2/11. Suppose 5*f - g = 8. What is the highest common divisor of 24 and f?
8
Let s be 4*(6/(-9))/(4/(-9)). Calculate the greatest common factor of s and 78.
6
Let m(o) = -7*o + 5. Let x be 1*-5 - (3 + -3). Let y be m(x). Suppose k + 3*k - y = 0. What is the greatest common divisor of k and 10?
10
Suppose 4*n - 693 = 147. What is the greatest common divisor of n and 30?
30
Suppose 2*a - 16 = -5*w, 0*w - 7 = 4*w - 5*a. Suppose 4*o - 14 - 11 = -3*x, 2*o + w*x = 10. What is the highest common divisor of 10 and o?
10
Let s(j) = j**2 - 6*j - 2. Let r be 6/((-2)/(-8)*3). Let a be s(r). Let t = -114 + 170. Calculate the highest common divisor of t and a.
14
Suppose 6*h = 328 + 1130. What is the greatest common divisor of h and 9?
9
Suppose 2*y + 2*s + 2*s + 28 = 0, 3*s = -y - 18. Let v be y/(-4) + (-55)/(-10). Let n = 3 - 2. What is the greatest common factor of n and v?
1
Let w = 9 + 6. What is the highest common factor of 90 and w?
15
Suppose -2*z - 5 = -15. What is the highest common divisor of 20 and z?
5
Suppose -2*m + 7 - 29 = -4*v, -14 = -3*v + m. Suppose -v*c = -2*u - 21 + 163, -5*u + 2*c = -333. What is the highest common divisor of u and 26?
13
Let g(u) = -7*u + 2. Let o be g(-2). What is the highest common factor of 24 and o?
8
Suppose 3*r = 4*r - 35. What is the highest common factor of 14 and r?
7
Let s = 22 - 13. What is the highest common factor of 27 and s?
9
Let w(x) = -x**2 + 18*x - 21. Let d be w(16). What is the greatest common divisor of d and 11?
11
Let k(x) = 4*x**2 - x**3 + 7*x**2 + x**2 - 3*x**2 - 5*x + 3. Let n be k(7). Suppose 0 = -4*b + 19 + 25. What is the highest common factor of b and n?
11
Suppose -146 = -3*k + 4*y, -4*y = -2*k - y + 97. Calculate the greatest common factor of 20 and k.
10
Let o(k) = 2*k**3 - 3*k**2 - k + 2. Let m be o(4). Let y be 10/25 + 96/(-15). Let s = y + m. Calculate the greatest common factor of 8 and s.
8
Let z be (-20)/6 + 4/(-6). Let r be (6/z)/(3/(-18)). Suppose -x + 70 = 5*a, 3*a - 2*a - 356 = -4*x. What is the highest common factor of r and x?
9
Let t be (0/1 - (5 - -1))/(-2). What is the highest common divisor of 51 and t?
3
Suppose 5*g = -y + 881, -5*g + 2*y + 884 = 6*y. Let h = -123 + 145. Calculate the highest common divisor of h and g.
22
Suppose 3*y - 6*y = 2*s - 54, -3*s + 71 = 4*y. Let k be 2/(-10) + 604/y. Calculate the highest common factor of k and 10.
10
Let f(b) = 8*b - 2. Let o be f(2). Suppose -c + 270 = c. Suppose 0 = -a - 37 + c. Calculate the highest common divisor of o and a.
14
Suppose 0*a = -6*a + 84. Calculate the greatest common factor of a and 14.
14
Suppose 3*a = 6*a - 75. Calculate the highest common divisor of 5 and a.
5
Let c be (-6)/4*(-16)/6. What is the greatest common divisor of 44 and c?
4
Suppose -4*z = z + 50. Let i = -6 - z. Suppose i*b - 3 = 3*b. Calculate the highest common divisor of 2 and b.
1
Let r be (-60)/(-9)*135/6. Calculate the highest common factor of r and 20.
10
Let s = 91 + -34. Suppose 3*p = 27 + s. Suppose 2*b - 47 + 19 = 0. Calculate the greatest common divisor of p and b.
14
Let f = 110 - 22. Calculate the greatest common divisor of f and 11.
11
Let a = 2 - 0. Let c be (0 - a)/((-1)/2). What is the greatest common factor of 36 and c?
4
Suppose 0 = -5*n + 11 + 19. Suppose i - 57 = -3*t - 4*i, 0 = 3*t + i - 69. Calculate the greatest common factor of n and t.
6
Let i(v) = v**3 + 13*v**2 + 15. Let p be i(-13). Calculate the highest common divisor of p and 15.
15
Suppose -153 = -4*h + 199. What is the highest common factor of h and 11?
11
Suppose -43 = -a - 14. Calculate the greatest common divisor of 29 and a.
29
Let i = -194 + 359. Calculate the greatest common factor of i and 30.
15
Let n be 4/(-3*(-2)/6). Let k be (n + 3)*(-1 - -5). Calculate the highest common divisor of k and 7.
7
Suppose x + 3*s = 68, 0*x + 3*s - 228 = -3*x. Suppose 19 = 4*o - 4*u - 25, 14 = o - 4*u. What is the highest common factor of x and o?
10
Let g be (27 - 2) + 3 + -5. What is the greatest common factor of 184 and g?
23
Let f(x) = -x**3 - 4*x**2 + 2. Let c be f(-4). Let p be (4/8)/(c/24). What is the highest common divisor of p and 30?
6
Let w = 41 + 26. Let q = w - 35. Let f be 6/(-4)*q/(-12). What is the highest common divisor of f and 2?
2
Let n be 3/(18/(-10))*-96. Suppose -4*b + n = 4*c, b = -2*c + 40 - 0. Calculate the greatest common divisor of 5 and b.
5
Let i = 143 + -115. What is the greatest common factor of 56 and i?
28
Let f = 104 + -53. Calculate the greatest common divisor of 3 and f.
3
Let j(p) = -p**2 - 19*p - 13. Let s be j(-18). Calculate the highest common divisor of 25 and s.
5
Suppose 0 = 6*y - 21 - 9. Calculate the highest common factor of 2 and y.
1
Let j be (-40)/(-7) + 4/14. Suppose -j*t = -402 - 558. Calculate the highest common divisor of t and 20.
20
Suppose 5*x + 3*q = 642, -3*x = -3*q - 378 + 12. Calculate the greatest common divisor of 18 and x.
18
Let j = -9 + 14. Calculate the highest common divisor of 5 and j.
5
Let u = -51 + 156. Calculate the highest common divisor of u and 15.
15
Let u(l) = -20*l - 2. Let n be u(-1). Calculate the greatest common factor of n and 90.
18
Let d = -6 + 9. Let x(w) = -w**2 + 5*w - 3. Le